s digit of i?
1
Suppose 5*c - 2*h - 1842 - 6808 = 0, -5*h = -3*c + 5190. What is the units digit of c?
0
Let z = -42 + 78. Suppose -t = -4*t + z. Let m(l) = -l**2 + 14*l. What is the units digit of m(t)?
4
Suppose 398 = 4*b + 4*a - 214, -4*a - 756 = -5*b. What is the units digit of b?
2
Suppose -22*h + 65820 = -7*h. What is the tens digit of h?
8
Let h = 1455 + -816. What is the tens digit of h?
3
Let a = 1328 + 2292. What is the hundreds digit of a?
6
Let v(i) = i**2 - 16*i - 32. What is the units digit of v(-7)?
9
Suppose -5*k = -3*v + 257, 4*v - 109 = 5*k + 232. Let p = 38 + -14. Suppose 0 = b + 5, 4*b + v = m + p. What is the tens digit of m?
4
Let n(r) = 4*r + 11. Let v be n(-5). Let y be (7/21)/(1/v). Let m(b) = 4*b**2 - b + 4. What is the tens digit of m(y)?
4
Let i(d) = 11*d**3 + d**2 - d + 8. What is the tens digit of i(2)?
9
Suppose -6 = 2*m, -2*y + 6*y - m - 27 = 0. Suppose b = -3*k + 36, k = 4*k - y. What is the tens digit of b?
3
Suppose -3*u = -6, 0 = -6*s + 9*s + u - 2183. What is the tens digit of s?
2
Suppose 2*b - 8 = -4*m, -2*m + 5*m = -3*b + 18. Let j = 6 - b. What is the units digit of j/10 + (-116)/(-5)?
3
Suppose t = 5*i - 12563, 8308 - 3275 = 2*i - 3*t. What is the tens digit of i?
1
Let f(l) = -l**3 + l**2 - 2*l + 4. Let y be f(4). Let h = y + 121. What is the tens digit of h?
6
Let j(y) be the second derivative of -y**3/6 + 19*y**2/2 + 33*y. What is the units digit of j(-4)?
3
Let j = 128 + -561. Let u = -201 - j. What is the units digit of u?
2
Let u be 6/(-2) - 2*(-82)/4. Let o = u + -8. What is the tens digit of o?
3
Suppose -4*v - 8*q = -6*q - 2222, 5*q + 25 = 0. What is the tens digit of v?
5
Let z(d) = 529*d + 17. What is the units digit of z(1)?
6
Let g(q) = -17*q - 2. Let y be g(-2). What is the tens digit of 642/16 + (-4)/y?
4
Let m be (0 - 4 - -2)*-2. Suppose -5*w + 1010 = 5*s, -3*s = -6*s - m*w + 606. What is the units digit of s?
2
Let l be 189/2 + (-7)/14. Let y be (6*56/63)/(2/18). Let o = l - y. What is the units digit of o?
6
Suppose 45 = 2*u - 3*u + 2*i, u = -5*i - 80. Let q = 21 - u. What is the tens digit of q?
7
Let t = -56 - -80. Let l = 96 - t. What is the tens digit of l?
7
Let c = -27 - -27. Suppose 3*t + 74 = 2*u, -2*u - u - 2*t + 124 = c. What is the units digit of u?
0
Suppose -5*h - 3*x + 20 = 0, -3*h - 4*x + 7 = -5. What is the tens digit of 2808/63 + h/(-7)?
4
Suppose 13*c - 8*c + 3150 = 0. Let g = 892 + c. What is the units digit of g?
2
Suppose c - a + 16 = 0, a = -5*c - 0*a - 74. Let o(f) = f**3 + 16*f**2 + 14*f - 4. What is the tens digit of o(c)?
1
Suppose 0 = -3*i + j - 79, i + 9 = -0*i - 4*j. Let o be i/(-2)*8/(-10). What is the units digit of ((-12)/10)/(4/o)?
3
Let d = 8 + -7. Let p be d*4/7*7. Suppose -p*u + 41 = -15. What is the units digit of u?
4
Let k(b) be the third derivative of 1/120*b**6 + 0*b + 5*b**2 - 5/6*b**3 + 3/20*b**5 + 3/8*b**4 + 0. What is the units digit of k(-7)?
0
What is the thousands digit of 2/((-16)/40) + 2050/2?
1
Suppose a - 16 = -51. Let t = a + 35. Suppose t*g = -g + 72. What is the units digit of g?
2
Let c(d) = d**3 - 10*d**2 + 10*d - 5. Let g be c(9). Suppose 0 = -g*k - k + 3*l + 310, 3*k - 175 = 4*l. What is the units digit of k?
5
Let c(y) = y**3 - 19*y**2 + 29*y + 14. What is the tens digit of c(19)?
6
Suppose -7*k = -2347 - 4597. What is the hundreds digit of k?
9
Let t = 6 - -4. Suppose 0 = 3*z + t + 5. What is the tens digit of (z - -34) + (1 - 0)?
3
Let f = 5 - 1. Suppose 87*h - 94*h + 14 = 0. Suppose -h*q - 237 = -5*x, 3*q = -f*x + 7*q + 192. What is the tens digit of x?
4
Let p(m) = -6 + 0*m + 3*m**2 + 5*m - m. Let a(k) = k**2 + 9*k + 4. Let s be a(-8). What is the units digit of p(s)?
6
Let w(l) = -5*l**2 + 2*l + 1. Let n be w(9). Let t = -255 - n. What is the hundreds digit of t?
1
Let p(u) = u - 3. Let d be p(8). Suppose g = 4*o + 49, g + 3*o - 31 = o. Suppose -d*s + g = -98. What is the tens digit of s?
2
Suppose 0 = p + 17 + 1. What is the units digit of ((-9)/(-4))/(p/24 + 1)?
9
Let l = 4 - -2. Let c be l/3 - 0/2. Suppose 0 = z - 5*q - 6, 5*q = -c*z + 29 - 2. What is the tens digit of z?
1
Let x = 2 - -7. Let m = x - -5. What is the tens digit of m?
1
Let s be ((-15)/(-12)*4)/1. Suppose 0 + s = -5*z. What is the tens digit of 3 + 2/z - -21?
2
What is the units digit of 5/20 - (0 + 7742/(-8))?
8
Let j be 0 - (-3 - 2)/1. Suppose -j*l = -7*l + 120. What is the units digit of l?
0
Let h be (-1)/(1*(-4)/128). Let b be 4 - (h + (-1 - 1)). What is the tens digit of ((-39)/b)/((-1)/(-22))?
3
Let i be (-25)/(-5) - 5 - (-1 - 610). Suppose -i = 13*h - 3874. What is the hundreds digit of h?
2
Let p(r) = -r**3 - r**2 + r + 1. Let j(f) = 7*f**3 + 19*f**2 - 5*f - 29. Let l(o) = -j(o) - 6*p(o). What is the units digit of l(-14)?
3
Let a(n) = n**2 - 5*n - 4. Let p be a(6). Suppose -p*t + 4 + 2 = 0. Suppose r = t*r - 4. What is the units digit of r?
2
Suppose d - 53 = 5*r, d + r = 3*d - 142. Suppose 5*n - 4*w - 165 = 0, 3*n = -5*w + d + 26. Suppose -n + 188 = 5*h. What is the tens digit of h?
3
Suppose 4*k + 22*k - 338 = 0. Suppose 2*i = -0*i + 4*y + 4, 2*y = 2*i - 4. What is the units digit of 6075/195 - i/k?
1
Suppose -12*c = -42 - 3138. What is the tens digit of c?
6
Suppose -2 = -2*n + n - g, 4*g + 34 = 3*n. Suppose n*i - 36 = 5*i. What is the units digit of i?
6
Let g(z) = 5*z**3 - 7*z**2 - 5*z + 24. Let r(l) = -l**3 - l**2 + l. Let c(q) = -g(q) - 4*r(q). What is the units digit of c(10)?
6
Let j = 746 + -146. What is the units digit of j?
0
Let m(z) = 4*z**2 - 143*z + 459. What is the hundreds digit of m(57)?
3
Suppose w + 2*w - 24 = 0. Let r = 6 + -1. Let t = w - r. What is the units digit of t?
3
Suppose v - 1985 = 3*s - s, 0 = -v - 4*s + 1979. What is the hundreds digit of v?
9
Let m = 395 + -80. What is the tens digit of m?
1
Let l be 1*(-8 - -4 - -98). Suppose 4*p - 5*p + 3*g + 32 = 0, 4*p + 5*g = l. What is the tens digit of p?
2
Suppose j - 5*g - 28 = -0*g, 3*j - 5*g - 34 = 0. Let i be -1*(-3 + 1)*9. Let t = j + i. What is the tens digit of t?
2
Let k be 234/(-30) + (-1)/5. Let u(t) be the third derivative of -t**4/12 + t**3/6 + 13*t**2. What is the units digit of u(k)?
7
Let a(c) = 20*c**2 + 3*c + 3. Let b be a(-2). Let n = b - 50. What is the units digit of n?
7
Let q(y) = 2*y**3 - 65*y**2 - 66*y + 179. What is the units digit of q(34)?
3
Let s(n) = -678*n - 1301. What is the thousands digit of s(-10)?
5
Let l(i) = -11*i**3 + 12*i**2 + 2*i - 1. What is the units digit of l(-4)?
7
Suppose -3*f + 4*c = 81, 4*f - 3*c + 49 + 52 = 0. Let u be f + -1 - 80/(-20). Let p = u - -62. What is the tens digit of p?
4
What is the tens digit of (10/15 + 0)/((-4)/(-4134))?
8
Suppose -20 = 2*d - 282. What is the units digit of d?
1
Let x = 10 + -5. Suppose 6*y - 5 = x*y. Suppose -y*m = -7 + 2. What is the units digit of m?
1
Suppose 0*g = -2*g - 2*s + 22, 4*g - 5*s = 53. Let f = g + 12. Let d = -14 + f. What is the units digit of d?
0
Let r = -310 - -456. Let l = -70 + r. What is the units digit of l?
6
Let n(l) = -l**2 + 26. Let u be n(0). Let y be 18/(-4)*2/(-3). Suppose -u = -4*s + y*s. What is the tens digit of s?
2
Suppose u - 4 = 0, -2*u = -0*s - 3*s + 14863. What is the thousands digit of s?
4
Let v(m) = 5*m + 12. Let u be v(-4). Let o = u - -5. Let n(l) = -l**3 + l**2 + 2*l + 2. What is the units digit of n(o)?
2
Suppose 14*h - 10*h = -52. Let r = 23 + h. Let t = 29 - r. What is the units digit of t?
9
Let p = -2353 - -4216. What is the tens digit of p?
6
Let l(d) = 20*d**2 + d + 1. Suppose 4*h - 2*c - 12 = 18, 3*c = 3*h - 21. Let u = h + -9. What is the tens digit of l(u)?
2
Let u(l) = 4*l - 20. Let k be u(4). Let h(t) be the first derivative of 2*t**3/3 - 2*t**2 - 7*t - 3. What is the units digit of h(k)?
1
Let v = -82 - -119. Let l = v - 20. What is the units digit of l?
7
Let c(y) = 88*y - 2 + 78*y - 18*y - 2*y. What is the tens digit of c(1)?
4
Suppose 0 = -5*j - z + 42, 0 = 3*z - 5*z - 6. What is the tens digit of (-174)/j*3/(-2)?
2
Suppose -5*m - 29 = -5*c - 9, m = 4*c - 16. Let h(g) = 2*g**2 - c*g**2 + g + 43 + 0*g**2. What is the units digit of h(0)?
3
Let j(i) = i**2 + 20*i - 18. Let p be j(-21). What is the units digit of -1 - (27*-1 + 2)*p?
4
Suppose 12*s = 10*s. Suppose 3*o - 144 - 480 = s. Suppose -4*g = -0*g - o. What is the t